{"id":4402,"date":"2019-01-30T22:20:24","date_gmt":"2019-01-30T21:20:24","guid":{"rendered":"https:\/\/jugendfarm-bremen.de\/?page_id=4402"},"modified":"2022-07-05T16:22:27","modified_gmt":"2022-07-05T14:22:27","slug":"farmteam","status":"publish","type":"page","link":"https:\/\/jugendfarm-bremen.de\/del\/farmteam\/","title":{"rendered":"Farmteam"},"content":{"rendered":"<p>[et_pb_section fb_built=&#8221;1&#8243; _builder_version=&#8221;4.16&#8243; background_image=&#8221;http:\/\/jugendfarm-bremen.de\/wp-content\/uploads\/2019\/02\/P1060124.jpg&#8221; custom_padding=&#8221;80px|0px|80px|0px|true|false&#8221; global_colors_info=&#8221;{}&#8221;][et_pb_row _builder_version=&#8221;4.16&#8243; custom_padding=&#8221;30px|0px|28px|0px|false|false&#8221; global_colors_info=&#8221;{}&#8221;][et_pb_column type=&#8221;4_4&#8243; _builder_version=&#8221;4.16&#8243; custom_padding=&#8221;|||&#8221; global_colors_info=&#8221;{}&#8221; custom_padding__hover=&#8221;|||&#8221;][et_pb_text _builder_version=&#8221;4.17.4&#8243; header_font=&#8221;|800||on|||||&#8221; header_text_color=&#8221;#ffffff&#8221; header_font_size=&#8221;65px&#8221; hover_enabled=&#8221;0&#8243; header_text_shadow_style=&#8221;preset3&#8243; global_colors_info=&#8221;{}&#8221; sticky_enabled=&#8221;0&#8243;][\/et_pb_text][\/et_pb_column][\/et_pb_row][\/et_pb_section][et_pb_section fb_built=&#8221;1&#8243; _builder_version=&#8221;4.16&#8243; background_color=&#8221;#f7f7f7&#8243; custom_padding=&#8221;54px|0px|0|0px|false|false&#8221; global_colors_info=&#8221;{}&#8221;][et_pb_row _builder_version=&#8221;4.16&#8243; custom_padding=&#8221;0|0px|27px|0px|false|false&#8221; global_colors_info=&#8221;{}&#8221;][et_pb_column type=&#8221;4_4&#8243; _builder_version=&#8221;4.16&#8243; custom_padding=&#8221;|||&#8221; global_colors_info=&#8221;{}&#8221; custom_padding__hover=&#8221;|||&#8221;][et_pb_gallery gallery_ids=&#8221;822,849,852,851,817,853,829,819,821,832,1282,818,850,2553,2670,1315,3271,3272,3273,3278&#8243; posts_number=&#8221;20&#8243; show_title_and_caption=&#8221;off&#8221; _builder_version=&#8221;4.16&#8243; border_radii_image=&#8221;on|3px|3px|3px|3px&#8221; box_shadow_style_image=&#8221;preset1&#8243; global_colors_info=&#8221;{}&#8221;][\/et_pb_gallery][\/et_pb_column][\/et_pb_row][\/et_pb_section]<\/p>\n","protected":false},"excerpt":{"rendered":"","protected":false},"author":4,"featured_media":0,"parent":0,"menu_order":0,"comment_status":"closed","ping_status":"closed","template":"","meta":{"_et_pb_use_builder":"on","_et_pb_old_content":"<p>[et_pb_section bb_built=\"1\" _builder_version=\"3.19.11\" background_image=\"http:\/\/jugendfarm-bremen.de\/wp-content\/uploads\/2019\/02\/P1060124.jpg\" custom_padding=\"80px|0px|80px|0px|true|false\" next_background_color=\"#f7f7f7\" inner_width=\"auto\" inner_max_width=\"1080px\"][et_pb_row custom_padding=\"30px|0px|28px|0px|false|false\" _builder_version=\"3.17.6\" width=\"80%\" max_width=\"1080px\"][et_pb_column type=\"4_4\" custom_padding__hover=\"|||\" custom_padding=\"|||\"][et_pb_text _builder_version=\"4.6.5\" header_font=\"|800||on|||||\" header_text_color=\"#ffffff\" header_font_size=\"65px\" header_text_shadow_style=\"preset3\" text_orientation=\"left\"]<\/p><h1><strong>Farmteam<\/strong><\/h1><h3><span style=\"color: #ffffff;\">Auf der Farm arbeiten P\u00e4dagoginnen und P\u00e4dagogen, Ehrenamtliche, F\u00d6Jler, K\u00fcchen- und B\u00fcropersonal, Ma\u00dfnahmenteilnehmer*innen (In-Job, \u00a716i), Praktikant*innen und Anleiter*innen zusammen.<\/span><\/h3><p>[\/et_pb_text][\/et_pb_column][\/et_pb_row][\/et_pb_section][et_pb_section bb_built=\"1\" _builder_version=\"3.11\" background_color=\"#f7f7f7\" custom_padding=\"54px|0px|0|0px|false|false\" prev_background_color=\"#ffffff\" inner_width=\"auto\" inner_max_width=\"1080px\"][et_pb_row custom_padding=\"0|0px|27px|0px|false|false\" _builder_version=\"3.11\" width=\"80%\" max_width=\"1080px\"][et_pb_column type=\"4_4\" custom_padding__hover=\"|||\" custom_padding=\"|||\"][et_pb_gallery gallery_ids=\"822,849,852,851,817,853,829,819,821,832,1282,818,850,2553,2670,1315,3271,3272,3273,3278\" posts_number=\"20\" show_title_and_caption=\"off\" _builder_version=\"4.10.7\" border_radii_image=\"on|3px|3px|3px|3px\" box_shadow_style_image=\"preset1\" hover_overlay_color=\"rgba(255,255,255,0.9)\" \/][\/et_pb_column][\/et_pb_row][\/et_pb_section]<\/p>","_et_gb_content_width":"","footnotes":"","beyondwords_generate_audio":"","beyondwords_integration_method":"","beyondwords_project_id":"","beyondwords_content_id":"","beyondwords_preview_token":"","beyondwords_player_content":"","beyondwords_player_style":"","beyondwords_language_code":"","beyondwords_language_id":"","beyondwords_title_voice_id":"","beyondwords_body_voice_id":"","beyondwords_summary_voice_id":"","beyondwords_error_message":"","beyondwords_disabled":"","beyondwords_delete_content":"","beyondwords_podcast_id":"","beyondwords_hash":"","publish_post_to_speechkit":"0","speechkit_hash":"","speechkit_generate_audio":"0","speechkit_project_id":"","speechkit_podcast_id":"","speechkit_error_message":"","speechkit_disabled":"","speechkit_access_key":"","speechkit_error":"","speechkit_info":"","speechkit_response":"","speechkit_retries":"","speechkit_status":"","speechkit_updated_at":"","_speechkit_link":"","_speechkit_text":""},"class_list":["post-4402","page","type-page","status-publish","hentry"],"_links":{"self":[{"href":"https:\/\/jugendfarm-bremen.de\/del\/wp-json\/wp\/v2\/pages\/4402","targetHints":{"allow":["GET"]}}],"collection":[{"href":"https:\/\/jugendfarm-bremen.de\/del\/wp-json\/wp\/v2\/pages"}],"about":[{"href":"https:\/\/jugendfarm-bremen.de\/del\/wp-json\/wp\/v2\/types\/page"}],"author":[{"embeddable":true,"href":"https:\/\/jugendfarm-bremen.de\/del\/wp-json\/wp\/v2\/users\/4"}],"replies":[{"embeddable":true,"href":"https:\/\/jugendfarm-bremen.de\/del\/wp-json\/wp\/v2\/comments?post=4402"}],"version-history":[{"count":6,"href":"https:\/\/jugendfarm-bremen.de\/del\/wp-json\/wp\/v2\/pages\/4402\/revisions"}],"predecessor-version":[{"id":4794,"href":"https:\/\/jugendfarm-bremen.de\/del\/wp-json\/wp\/v2\/pages\/4402\/revisions\/4794"}],"wp:attachment":[{"href":"https:\/\/jugendfarm-bremen.de\/del\/wp-json\/wp\/v2\/media?parent=4402"}],"curies":[{"name":"wp","href":"https:\/\/api.w.org\/{rel}","templated":true}]}}