{"id":4541,"date":"2019-01-30T22:32:13","date_gmt":"2019-01-30T21:32:13","guid":{"rendered":"https:\/\/jugendfarm-bremen.de\/?page_id=4541"},"modified":"2022-07-04T16:22:46","modified_gmt":"2022-07-04T14:22:46","slug":"nachmittagsangebote-und-die-tierfuetterung","status":"publish","type":"page","link":"https:\/\/jugendfarm-bremen.de\/del\/nachmittagsangebote-und-die-tierfuetterung\/","title":{"rendered":"Nachmittagsangebote und die Tierf\u00fctterung"},"content":{"rendered":"<p>[et_pb_section fb_built=&#8221;1&#8243; _builder_version=&#8221;4.16&#8243; max_width_tablet=&#8221;&#8221; max_width_phone=&#8221;&#8221; max_width_last_edited=&#8221;on|desktop&#8221; module_alignment=&#8221;center&#8221; custom_margin=&#8221;50px||50px|&#8221; custom_padding=&#8221;0|0px|50px|0px|false|false&#8221; border_color_all=&#8221;#d8d8d8&#8243; global_colors_info=&#8221;{}&#8221;][et_pb_row column_structure=&#8221;1_3,2_3&#8243; _builder_version=&#8221;4.16&#8243; custom_padding=&#8221;0|0px|0|0px|false|false&#8221; global_colors_info=&#8221;{}&#8221;][et_pb_column type=&#8221;1_3&#8243; _builder_version=&#8221;4.16&#8243; custom_padding=&#8221;|||&#8221; global_colors_info=&#8221;{}&#8221; custom_padding__hover=&#8221;|||&#8221;][et_pb_image src=&#8221;https:\/\/jugendfarm-bremen.de\/wp-content\/uploads\/2022\/06\/20181210_134035-scaled.jpg&#8221; title_text=&#8221;20181210_134035&#8243; align=&#8221;center&#8221; align_tablet=&#8221;center&#8221; align_phone=&#8221;&#8221; align_last_edited=&#8221;on|desktop&#8221; _builder_version=&#8221;4.17.4&#8243; global_colors_info=&#8221;{}&#8221;][\/et_pb_image][et_pb_image src=&#8221;https:\/\/jugendfarm-bremen.de\/wp-content\/uploads\/2022\/06\/IMG_1252-scaled-1.jpg&#8221; title_text=&#8221;IMG_1252-scaled&#8221; align=&#8221;center&#8221; align_tablet=&#8221;center&#8221; align_phone=&#8221;&#8221; align_last_edited=&#8221;on|desktop&#8221; _builder_version=&#8221;4.17.4&#8243; global_colors_info=&#8221;{}&#8221;][\/et_pb_image][\/et_pb_column][et_pb_column type=&#8221;2_3&#8243; _builder_version=&#8221;4.16&#8243; custom_padding=&#8221;|||&#8221; global_colors_info=&#8221;{}&#8221; custom_padding__hover=&#8221;|||&#8221;][et_pb_text admin_label=&#8221;TEXTBLOCK 2&#8243; _builder_version=&#8221;4.17.4&#8243; text_font_size=&#8221;16px&#8221; header_text_color=&#8221;#000000&#8243; hover_enabled=&#8221;0&#8243; global_colors_info=&#8221;{}&#8221; sticky_enabled=&#8221;0&#8243;]<\/p>\n<p>&nbsp;<\/p>\n<p>&nbsp;<\/p>\n<p><b>Unser Pony-Bereich:<br \/><\/b>Bei uns leben mehrere Ponys, Pferde und 2 Esel.<br \/>Die Tiere leben zusammen in einem gro\u00dfen Stall.<br \/>Der Stall hat einen Bereich mit Dach und einen Bereich<br \/>ohne Dach.<br \/>Dazu sagt man auch:\u00a0<b>Offenstall<\/b>.<br \/>So k\u00f6nnen die Tiere sich drinnen und drau\u00dfen immer<br \/>viel bewegen.<br \/>Im Stall k\u00f6nnen die Tiere Heu fressen.<br \/>Und wir bringen die Pferde und Esel jeden Tag auf die Weide.<br \/>Dort k\u00f6nnen die Tiere frisches Gras fressen.<\/p>\n<p>[\/et_pb_text][\/et_pb_column][\/et_pb_row][et_pb_row _builder_version=&#8221;4.17.4&#8243; _module_preset=&#8221;default&#8221; global_colors_info=&#8221;{}&#8221;][et_pb_column type=&#8221;4_4&#8243; _builder_version=&#8221;4.17.4&#8243; _module_preset=&#8221;default&#8221; global_colors_info=&#8221;{}&#8221;][et_pb_divider _builder_version=&#8221;4.17.4&#8243; _module_preset=&#8221;default&#8221; global_colors_info=&#8221;{}&#8221;][\/et_pb_divider][\/et_pb_column][\/et_pb_row][et_pb_row column_structure=&#8221;1_3,2_3&#8243; _builder_version=&#8221;4.16&#8243; custom_padding=&#8221;0|0px|0|0px|false|false&#8221; global_colors_info=&#8221;{}&#8221;][et_pb_column type=&#8221;1_3&#8243; _builder_version=&#8221;4.16&#8243; custom_padding=&#8221;|||&#8221; global_colors_info=&#8221;{}&#8221; custom_padding__hover=&#8221;|||&#8221;][et_pb_image src=&#8221;https:\/\/jugendfarm-bremen.de\/wp-content\/uploads\/2022\/06\/Attentus_SPK_Obervieland_MM_CF001910-scaled.jpg&#8221; title_text=&#8221;Attentus_SPK_Obervieland_MM_CF001910&#8243; align=&#8221;center&#8221; align_tablet=&#8221;center&#8221; align_phone=&#8221;&#8221; align_last_edited=&#8221;on|desktop&#8221; _builder_version=&#8221;4.17.4&#8243; global_colors_info=&#8221;{}&#8221;][\/et_pb_image][\/et_pb_column][et_pb_column type=&#8221;2_3&#8243; _builder_version=&#8221;4.16&#8243; custom_padding=&#8221;|||&#8221; global_colors_info=&#8221;{}&#8221; custom_padding__hover=&#8221;|||&#8221;][et_pb_text admin_label=&#8221;TEXTBLOCK 2&#8243; _builder_version=&#8221;4.17.4&#8243; text_font_size=&#8221;16px&#8221; header_text_color=&#8221;#000000&#8243; hover_enabled=&#8221;0&#8243; global_colors_info=&#8221;{}&#8221; sticky_enabled=&#8221;0&#8243;]<\/p>\n<p>&nbsp;<\/p>\n<p>F\u00fcr uns ist wichtig:<br \/>Alle Tiere sollen sich bei uns wohlf\u00fchlen.<br \/>Sie sollen genug Bewegung, Futter<br \/>und Kontakt mit den anderen Tieren haben.<br \/>Die Tiere in der Herde sind unterschiedlich alt.<br \/>Und wir haben verschiedene Rassen von Pferden und Ponys.<br \/>Alle Tiere leben friedlich und gl\u00fccklich zusammen.<\/p>\n<p>Die Kinder lernen bei uns,<br \/>wie man sich gut um ein Pferd k\u00fcmmert.<br \/>Die Kinder machen viele Aufgaben selber.<br \/>Zum Beispiel den Stall ausmisten und die Pferde putzen.<\/p>\n<p>[\/et_pb_text][\/et_pb_column][\/et_pb_row][et_pb_row _builder_version=&#8221;4.17.4&#8243; _module_preset=&#8221;default&#8221; global_colors_info=&#8221;{}&#8221;][et_pb_column type=&#8221;4_4&#8243; _builder_version=&#8221;4.17.4&#8243; _module_preset=&#8221;default&#8221; global_colors_info=&#8221;{}&#8221;][et_pb_divider _builder_version=&#8221;4.17.4&#8243; _module_preset=&#8221;default&#8221; global_colors_info=&#8221;{}&#8221;][\/et_pb_divider][\/et_pb_column][\/et_pb_row][et_pb_row column_structure=&#8221;1_3,2_3&#8243; admin_label=&#8221;Zeile&#8221; _builder_version=&#8221;4.16&#8243; custom_padding=&#8221;0|0px|0|0px|false|false&#8221; global_colors_info=&#8221;{}&#8221;][et_pb_column type=&#8221;1_3&#8243; _builder_version=&#8221;4.16&#8243; custom_padding=&#8221;|||&#8221; global_colors_info=&#8221;{}&#8221; custom_padding__hover=&#8221;|||&#8221;][et_pb_image src=&#8221;https:\/\/jugendfarm-bremen.de\/wp-content\/uploads\/2022\/06\/Wickie.jpg&#8221; title_text=&#8221;Wickie&#8221; align=&#8221;center&#8221; align_tablet=&#8221;center&#8221; align_phone=&#8221;&#8221; align_last_edited=&#8221;on|desktop&#8221; _builder_version=&#8221;4.17.4&#8243; hover_enabled=&#8221;0&#8243; global_colors_info=&#8221;{}&#8221; sticky_enabled=&#8221;0&#8243;][\/et_pb_image][\/et_pb_column][et_pb_column type=&#8221;2_3&#8243; _builder_version=&#8221;4.16&#8243; custom_padding=&#8221;|||&#8221; global_colors_info=&#8221;{}&#8221; custom_padding__hover=&#8221;|||&#8221;][et_pb_text admin_label=&#8221;TEXTBLOCK 2&#8243; _builder_version=&#8221;4.17.4&#8243; text_font_size=&#8221;16px&#8221; header_text_color=&#8221;#000000&#8243; hover_enabled=&#8221;0&#8243; global_colors_info=&#8221;{}&#8221; sticky_enabled=&#8221;0&#8243;]<\/p>\n<p>&nbsp;<\/p>\n<p>Die Kinder k\u00f6nnen die Pferde auch reiten.<br \/>Dabei ist wichtig:<br \/>Das Reiten soll den Kindern und den Pferden Spa\u00df machen.<br \/>Und jedes Pferd soll das machen, was es kann.<br \/>Zum Beispiel:<br \/>Vielleicht kann ein altes Pferd nur noch kurze Ausritte machen.<br \/>Und ein junges Pferd kann vielleicht bei vielen Reitstunden dabei sein.<br \/>Alle Pferde sind gleich gut und wichtig.<br \/>Die Pferde d\u00fcrfen auf der Farm alt werden.<\/p>\n<p>[\/et_pb_text][\/et_pb_column][\/et_pb_row][et_pb_row _builder_version=&#8221;4.17.4&#8243; _module_preset=&#8221;default&#8221; global_colors_info=&#8221;{}&#8221;][et_pb_column type=&#8221;4_4&#8243; _builder_version=&#8221;4.17.4&#8243; _module_preset=&#8221;default&#8221; global_colors_info=&#8221;{}&#8221;][et_pb_divider _builder_version=&#8221;4.17.4&#8243; _module_preset=&#8221;default&#8221; global_colors_info=&#8221;{}&#8221;][\/et_pb_divider][\/et_pb_column][\/et_pb_row][et_pb_row column_structure=&#8221;1_3,2_3&#8243; _builder_version=&#8221;4.16&#8243; custom_padding=&#8221;0|0px|0|0px|false|false&#8221; global_colors_info=&#8221;{}&#8221;][et_pb_column type=&#8221;1_3&#8243; _builder_version=&#8221;4.16&#8243; custom_padding=&#8221;|||&#8221; global_colors_info=&#8221;{}&#8221; custom_padding__hover=&#8221;|||&#8221;][et_pb_image src=&#8221;https:\/\/jugendfarm-bremen.de\/wp-content\/uploads\/2022\/05\/wichtige-anmerkung.png&#8221; title_text=&#8221;wichtige anmerkung&#8221; align=&#8221;center&#8221; align_tablet=&#8221;center&#8221; align_phone=&#8221;&#8221; align_last_edited=&#8221;on|desktop&#8221; _builder_version=&#8221;4.17.4&#8243; global_colors_info=&#8221;{}&#8221;][\/et_pb_image][\/et_pb_column][et_pb_column type=&#8221;2_3&#8243; _builder_version=&#8221;4.16&#8243; custom_padding=&#8221;|||&#8221; global_colors_info=&#8221;{}&#8221; custom_padding__hover=&#8221;|||&#8221;][et_pb_text admin_label=&#8221;TEXTBLOCK 2&#8243; _builder_version=&#8221;4.17.4&#8243; text_font_size=&#8221;16px&#8221; header_text_color=&#8221;#000000&#8243; global_colors_info=&#8221;{}&#8221;]<\/p>\n<p>Die Kinder lernen bei uns:<br \/>Man soll alle Tiere gut und mit Respekt behandeln.<br \/>Alle Tiere haben Gef\u00fchle.<br \/>Man ist verantwortlich f\u00fcr Tiere, wenn man sich um<br \/>sie k\u00fcmmert.<br \/>Die Kinder lernen bei uns und sagen selbst:<br \/>Ein Pferd ist ein Freund und\u00a0<b>keine<\/b>\u00a0Maschine.<br \/>Man muss sich gut um ein Pferd k\u00fcmmern.<\/p>\n<p>[\/et_pb_text][\/et_pb_column][\/et_pb_row][et_pb_row _builder_version=&#8221;4.17.4&#8243; _module_preset=&#8221;default&#8221; global_colors_info=&#8221;{}&#8221;][et_pb_column type=&#8221;4_4&#8243; _builder_version=&#8221;4.17.4&#8243; _module_preset=&#8221;default&#8221; global_colors_info=&#8221;{}&#8221;][et_pb_divider _builder_version=&#8221;4.17.4&#8243; _module_preset=&#8221;default&#8221; global_colors_info=&#8221;{}&#8221;][\/et_pb_divider][\/et_pb_column][\/et_pb_row][et_pb_row column_structure=&#8221;1_3,2_3&#8243; admin_label=&#8221;Zeile&#8221; _builder_version=&#8221;4.16&#8243; custom_padding=&#8221;0|0px|0|0px|false|false&#8221; global_colors_info=&#8221;{}&#8221;][et_pb_column type=&#8221;1_3&#8243; _builder_version=&#8221;4.16&#8243; custom_padding=&#8221;|||&#8221; global_colors_info=&#8221;{}&#8221; custom_padding__hover=&#8221;|||&#8221;][et_pb_image src=&#8221;https:\/\/jugendfarm-bremen.de\/wp-content\/uploads\/2022\/06\/reiten-361.png&#8221; title_text=&#8221;reiten-361&#8243; align=&#8221;center&#8221; align_tablet=&#8221;center&#8221; align_phone=&#8221;&#8221; align_last_edited=&#8221;on|desktop&#8221; _builder_version=&#8221;4.17.4&#8243; global_colors_info=&#8221;{}&#8221;][\/et_pb_image][\/et_pb_column][et_pb_column type=&#8221;2_3&#8243; _builder_version=&#8221;4.16&#8243; custom_padding=&#8221;|||&#8221; global_colors_info=&#8221;{}&#8221; custom_padding__hover=&#8221;|||&#8221;][et_pb_text admin_label=&#8221;TEXTBLOCK 2&#8243; _builder_version=&#8221;4.17.4&#8243; text_font_size=&#8221;16px&#8221; header_text_color=&#8221;#000000&#8243; global_colors_info=&#8221;{}&#8221;]<\/p>\n<p><b>Die Pony-Gruppen:<br \/><\/b>Die Pony-Gruppen sind f\u00fcr Kinder, die schon<br \/>immer viel Zeit auf der Farm verbracht haben.<br \/>Zum Beispiel:<br \/>Die Kinder gehen schon fr\u00fch in den Farm-Kindergarten.<br \/>Sie machen immer beim Ferien-Programm mit.<br \/>Dann k\u00f6nnen die Kinder vielleicht sp\u00e4ter in eine<br \/>Pony-Gruppe kommen.<\/p>\n<p>In einer Pony-Gruppe sind immer 4 Kinder.<br \/>Die Kinder bleiben in der gleichen Gruppe.<br \/>Sie verbringen sehr viel Zeit zusammen auf der Farm.<br \/>Die Pony-Gruppen sind\u00a0<b>nicht <\/b>wie normaler Reitunterricht.<br \/>Denn die Kinder lernen in den Pony-Gruppen mehr als<br \/>nur reiten.<br \/>Sie helfen zum Beispiel auch bei allen Aufgaben im Stall<br \/>selber mit.<\/p>\n<p>[\/et_pb_text][\/et_pb_column][\/et_pb_row][et_pb_row _builder_version=&#8221;4.17.4&#8243; _module_preset=&#8221;default&#8221; global_colors_info=&#8221;{}&#8221;][et_pb_column type=&#8221;4_4&#8243; _builder_version=&#8221;4.17.4&#8243; _module_preset=&#8221;default&#8221; global_colors_info=&#8221;{}&#8221;][et_pb_divider _builder_version=&#8221;4.17.4&#8243; _module_preset=&#8221;default&#8221; global_colors_info=&#8221;{}&#8221;][\/et_pb_divider][\/et_pb_column][\/et_pb_row][et_pb_row column_structure=&#8221;1_3,2_3&#8243; _builder_version=&#8221;4.16&#8243; custom_padding=&#8221;0|0px|0|0px|false|false&#8221; global_colors_info=&#8221;{}&#8221;][et_pb_column type=&#8221;1_3&#8243; _builder_version=&#8221;4.16&#8243; custom_padding=&#8221;|||&#8221; global_colors_info=&#8221;{}&#8221; custom_padding__hover=&#8221;|||&#8221;][et_pb_image src=&#8221;https:\/\/jugendfarm-bremen.de\/wp-content\/uploads\/2022\/06\/Anmeldung-1766.png&#8221; title_text=&#8221;Anmeldung-1766&#8243; align=&#8221;center&#8221; align_tablet=&#8221;center&#8221; align_phone=&#8221;&#8221; align_last_edited=&#8221;on|desktop&#8221; _builder_version=&#8221;4.17.4&#8243; global_colors_info=&#8221;{}&#8221;][\/et_pb_image][\/et_pb_column][et_pb_column type=&#8221;2_3&#8243; _builder_version=&#8221;4.16&#8243; custom_padding=&#8221;|||&#8221; global_colors_info=&#8221;{}&#8221; custom_padding__hover=&#8221;|||&#8221;][et_pb_text admin_label=&#8221;TEXTBLOCK 2&#8243; _builder_version=&#8221;4.17.4&#8243; text_font_size=&#8221;16px&#8221; header_text_color=&#8221;#000000&#8243; hover_enabled=&#8221;0&#8243; global_colors_info=&#8221;{}&#8221; sticky_enabled=&#8221;0&#8243;]<\/p>\n<p>&nbsp;<\/p>\n<p><b>Andere Angebote im Pony-Bereich:<\/b><br \/>Wir machen auch Angebote f\u00fcr Kinder,<br \/>die\u00a0<b>nicht<\/b>\u00a0in den Pony-Gruppen sind.<br \/>Zum Beispiel gibt es Kurse im Ferien-Programm.<br \/>Das Ferien-Programm steht ab 4 Wochen vor den Ferien<br \/>im Internet.<\/p>\n<p>Bei den Kursen wollen viele Kinder mitmachen.<br \/>Darum machen wir es so:<br \/>In den ersten 2 Tagen nehmen wir alle Anmeldungen an.<br \/>Dann losen wir zuf\u00e4llig aus, wer bei den Kursen<br \/>mitmachen darf.<\/p>\n<p>[\/et_pb_text][\/et_pb_column][\/et_pb_row][et_pb_row _builder_version=&#8221;4.17.4&#8243; _module_preset=&#8221;default&#8221; global_colors_info=&#8221;{}&#8221;][et_pb_column type=&#8221;4_4&#8243; _builder_version=&#8221;4.17.4&#8243; _module_preset=&#8221;default&#8221; global_colors_info=&#8221;{}&#8221;][et_pb_divider _builder_version=&#8221;4.17.4&#8243; _module_preset=&#8221;default&#8221; global_colors_info=&#8221;{}&#8221;][\/et_pb_divider][\/et_pb_column][\/et_pb_row][\/et_pb_section][et_pb_section fb_built=&#8221;1&#8243; admin_label=&#8221;section&#8221; _builder_version=&#8221;4.16&#8243; global_colors_info=&#8221;{}&#8221;][et_pb_row admin_label=&#8221;row&#8221; _builder_version=&#8221;4.16&#8243; background_size=&#8221;initial&#8221; background_position=&#8221;top_left&#8221; background_repeat=&#8221;repeat&#8221; global_colors_info=&#8221;{}&#8221;][et_pb_column type=&#8221;4_4&#8243; _builder_version=&#8221;4.16&#8243; custom_padding=&#8221;|||&#8221; global_colors_info=&#8221;{}&#8221; custom_padding__hover=&#8221;|||&#8221;][et_pb_text _builder_version=&#8221;4.17.4&#8243; background_size=&#8221;initial&#8221; background_position=&#8221;top_left&#8221; background_repeat=&#8221;repeat&#8221; global_colors_info=&#8221;{}&#8221;]<\/p>\n<div class=\"text_exposed_show\">\n<div class=\"text_exposed_show\">\n<div class=\"text_exposed_show\">\n<div data-editor=\"adm4e\" data-offset-key=\"6hu6v-0-0\" data-block=\"true\">\n<div class=\"\" data-block=\"true\" data-editor=\"6nnmb\" data-offset-key=\"d583u-0-0\">\n<div data-offset-key=\"d583u-0-0\">\n<div data-contents=\"true\">\n<div class=\"\" data-block=\"true\" data-editor=\"6nnmb\" data-offset-key=\"4gfsu-0-0\">\n<div class=\"_1mf _1mj\" data-offset-key=\"4gfsu-0-0\">\n<div class=\"\" dir=\"auto\">\n<div id=\"jsc_c_2d\" class=\"ecm0bbzt hv4rvrfc ihqw7lf3 dati1w0a\" data-ad-comet-preview=\"message\" data-ad-preview=\"message\">\n<div>\n<div class=\"\" data-block=\"true\" data-editor=\"3lljd\" data-offset-key=\"2enp9-0-0\">\n<div data-offset-key=\"2enp9-0-0\">\n<h4 dir=\"auto\" style=\"text-align: center;\"><a href=\"https:\/\/jugendfarm-bremen.de\/wp-content\/uploads\/2022\/03\/Wochenplan-ab-20.06.22.pdf\" class=\"pdfemb-viewer\" style=\"\" data-width=\"max\" data-height=\"max\" data-toolbar=\"bottom\" data-toolbar-fixed=\"off\">Wochenplan ab 20.06.22<\/a><\/h4>\n<\/div>\n<\/div>\n<\/div>\n<\/div>\n<\/div>\n<\/div>\n<\/div>\n<\/div>\n<\/div>\n<\/div>\n<\/div>\n<\/div>\n<div data-offset-key=\"6hu6v-0-0\">\u00a0<\/div>\n<div class=\"text_exposed_show\">\n<div data-offset-key=\"6hu6v-0-0\">\u00a0<\/div>\n<\/div>\n<\/div>\n<\/div>\n<div class=\"_1mf _1mj\" data-offset-key=\"6juj8-0-0\">\u00a0<\/div>\n<p>&nbsp;<\/p>\n<div data-offset-key=\"bnsoi-0-0\">\u00a0<\/div>\n<p>&nbsp;<\/p>\n<p>[\/et_pb_text][\/et_pb_column][\/et_pb_row][\/et_pb_section]<\/p>\n","protected":false},"excerpt":{"rendered":"<p>&nbsp; &nbsp; Unser Pony-Bereich:Bei uns leben mehrere Ponys, Pferde und 2 Esel.Die Tiere leben zusammen in einem gro\u00dfen Stall.Der Stall hat einen Bereich mit Dach und einen Bereichohne Dach.Dazu sagt [&hellip;]<\/p>\n","protected":false},"author":4,"featured_media":4520,"parent":0,"menu_order":0,"comment_status":"closed","ping_status":"closed","template":"","meta":{"_et_pb_use_builder":"on","_et_pb_old_content":"<p>[et_pb_section bb_built=\"1\" admin_label=\"section\" _builder_version=\"3.19.11\" inner_width=\"auto\" inner_max_width=\"1080px\"][et_pb_row admin_label=\"row\" background_position=\"top_left\" background_repeat=\"repeat\" background_size=\"initial\" width=\"80%\" max_width=\"1080px\"][et_pb_column type=\"4_4\" custom_padding__hover=\"|||\" custom_padding=\"|||\"][et_pb_text background_position=\"top_left\" background_repeat=\"repeat\" background_size=\"initial\" _builder_version=\"4.17.4\" text_orientation=\"left\" background_pattern_color=\"rgba(0,0,0,0.2)\" background_mask_color=\"#ffffff\"]<\/p><div class=\"text_exposed_show\"><div class=\"text_exposed_show\"><div class=\"text_exposed_show\"><div data-editor=\"adm4e\" data-offset-key=\"6hu6v-0-0\" data-block=\"true\"><div class=\"\" data-block=\"true\" data-editor=\"6nnmb\" data-offset-key=\"d583u-0-0\"><div data-offset-key=\"d583u-0-0\"><div data-contents=\"true\"><div class=\"\" data-block=\"true\" data-editor=\"6nnmb\" data-offset-key=\"4gfsu-0-0\"><div class=\"_1mf _1mj\" data-offset-key=\"4gfsu-0-0\"><div class=\"\" dir=\"auto\"><div id=\"jsc_c_2d\" class=\"ecm0bbzt hv4rvrfc ihqw7lf3 dati1w0a\" data-ad-comet-preview=\"message\" data-ad-preview=\"message\"><div><div class=\"\" data-block=\"true\" data-editor=\"3lljd\" data-offset-key=\"2enp9-0-0\"><div data-offset-key=\"2enp9-0-0\"><h4 dir=\"auto\" style=\"text-align: center;\">[pdf-embedder url=\"https:\/\/jugendfarm-bremen.de\/wp-content\/uploads\/2022\/03\/Wochenplan-ab-20.06.22.pdf\" title=\"Wochenplan ab 20.06.22\"]<\/h4><\/div><\/div><\/div><\/div><\/div><\/div><\/div><\/div><\/div><\/div><\/div><\/div><div data-offset-key=\"6hu6v-0-0\">\u00a0<\/div><div class=\"text_exposed_show\"><div data-offset-key=\"6hu6v-0-0\">\u00a0<\/div><\/div><\/div><\/div><div class=\"_1mf _1mj\" data-offset-key=\"6juj8-0-0\">\u00a0<\/div><p>\u00a0<\/p><div data-offset-key=\"bnsoi-0-0\">\u00a0<\/div><h3>INFO F\u00dcR DEN PONYBEREICH<\/h3><p>DAS KONZEPT<\/p><p>Auf der Kinder- und Jugendfarm leben mehrere Ponys und Pferde mit 2 Eseln in einem gro\u00dfz\u00fcgig angelegten Offenstall mit Paddock und Bewegungshalle. Dar\u00fcber hinaus haben sie t\u00e4glichen Weidegang und die M\u00f6glichkeit, an \u00fcberdachten Fresspl\u00e4tzen rund um die Uhr aus Heunetzen zu naschen.<\/p><p>Diese Form der artgerechten Haltung bietet den Tieren die M\u00f6glichkeit, jederzeit ihre nat\u00fcrlichen Bed\u00fcrfnisse nach Bewegung, Frischluft, sozialen Kontakten und Raufutter zu befriedigen- und nur ein zufriedenes Pferd kann ein ausgeglichener und zuverl\u00e4ssiger Partner sein. Die Herde ist bunt gemischt, es geht quer durch alle Rassen und Altersgruppen, die unterschiedlichsten Charaktere leben hier friedlich zusammen. Ein gro\u00dfartiges Lehrbild!<\/p><p>Die Kinder bekommen auf der Farm nicht nur die Grundlagen des partnerschaftlichen Umgangs mit dem Pferd vermittelt, sondern sie \u00fcbernehmen auch ganz selbstst\u00e4ndig die Stallarbeiten und die Pflege der Tiere. Dadurch lernen sie alles, was sie \u00fcber ihre Lieblinge wissen m\u00f6chten.<\/p><p>Beim Reiten stehen das harmonische Miteinander und der Spa\u00df am Zusammensein mit dem Partner Pferd an erster Stelle. Jedes Tier wird hier seinen individuellen M\u00f6glichkeiten und F\u00e4higkeiten entsprechend eingesetzt. Dabei gibt es kein \u201ebesser\u201c oder \u201eschlechter\u201c, sondern nur ein \u201eanders\u201c.<\/p><p>Ein altes, krankes Pony, mit dem vielleicht noch kleinere Ausritte unternommen werden k\u00f6nnen, erf\u00e4hrt also dieselbe Wertsch\u00e4tzung, wie der j\u00fcngere, gesunde Artgenosse, der noch auf dem Reitplatz seine Runden traben kann. Es geh\u00f6rt au\u00dferdem zu unserem Konzept, dass die Pferde auf der Farm in W\u00fcrde alt werden d\u00fcrfen.<\/p><p>Auf diese Weise erschlie\u00dfen sich den Kindern Werte wie Mitgef\u00fchl, Achtung, Toleranz, Respekt und soziale Verantwortung von ganz alleine. Das selbsterw\u00e4hlte Motto der Ponykinder lautet: \u201eEin Pferd ist ein Freund- und kein Sportger\u00e4t!\u201c<\/p><p>DIE PONYGRUPPEN<\/p><p>Es sind immer vier Kinder in einer konstanten Gruppe. Es herrscht eine hohe Best\u00e4ndigkeit, die Teilnehmer*innen verbringen auf der Farm gemeinsam einen gro\u00dfen Teil ihrer Kindheit. Der Wert eines derart verbindlichen, sozialen Beziehungsgef\u00fcges ist in der heutigen Zeit unermesslich.<\/p><p>Es ist also nicht m\u00f6glich, sein Kind wie in einer herk\u00f6mmlichen Reitschule zum Reitunterricht anzumelden. Es gibt auch keine Warteliste, denn es geht hier nicht um das WARTEN, sondern darum, AKTIV am Farmleben teilzunehmen. Dann \u201ewachsen\u201c die Kinder, die das Farmangebot regelm\u00e4\u00dfig nutzen (Farmkindergarten, Ferienangebote, Esel,- Kaninchen,- Ziegen, - und Schafgruppe ...) zu gegebenem Zeitpunkt in die Ponygruppen hinein.<\/p><p>F\u00dcR \u201eEXTERNE\u201c<\/p><p>Nat\u00fcrlich haben auch Kinder von \u201eau\u00dferhalb\u201c die M\u00f6glichkeit, die Angebote im Ponybereich zu nutzen. Jeweils vier Wochen vor Ferienbeginn (ausgenommen Weihnachtsferien) erscheint das Ferienprogramm. Hier gibt es immer Kurse f\u00fcr \u201eExterne\u201c. Da die Nachfrage meist sehr gro\u00df ist, werden an den ersten beiden Tagen alle Anmeldungen angenommen und anschlie\u00dfend die Teilnehmer ausgelost.<\/p><p>\u00a0<\/p><p>[\/et_pb_text][\/et_pb_column][\/et_pb_row][\/et_pb_section]<\/p>","_et_gb_content_width":"","footnotes":"","beyondwords_generate_audio":"","beyondwords_integration_method":"","beyondwords_project_id":"15879","beyondwords_content_id":"","beyondwords_preview_token":"","beyondwords_player_content":"","beyondwords_player_style":"","beyondwords_language_code":"","beyondwords_language_id":"","beyondwords_title_voice_id":"","beyondwords_body_voice_id":"","beyondwords_summary_voice_id":"","beyondwords_error_message":"","beyondwords_disabled":"","beyondwords_delete_content":"","beyondwords_podcast_id":"4493354","beyondwords_hash":"","publish_post_to_speechkit":"1","speechkit_hash":"a19af938408fe51a7c77139867a276c255ccbbb8","speechkit_generate_audio":"1","speechkit_project_id":"15879","speechkit_podcast_id":"4493354","speechkit_error_message":"","speechkit_disabled":"","speechkit_access_key":"","speechkit_error":"","speechkit_info":"","speechkit_response":"","speechkit_retries":"","speechkit_status":"Updated","speechkit_updated_at":"","_speechkit_link":"","_speechkit_text":""},"class_list":["post-4541","page","type-page","status-publish","has-post-thumbnail","hentry"],"_links":{"self":[{"href":"https:\/\/jugendfarm-bremen.de\/del\/wp-json\/wp\/v2\/pages\/4541","targetHints":{"allow":["GET"]}}],"collection":[{"href":"https:\/\/jugendfarm-bremen.de\/del\/wp-json\/wp\/v2\/pages"}],"about":[{"href":"https:\/\/jugendfarm-bremen.de\/del\/wp-json\/wp\/v2\/types\/page"}],"author":[{"embeddable":true,"href":"https:\/\/jugendfarm-bremen.de\/del\/wp-json\/wp\/v2\/users\/4"}],"replies":[{"embeddable":true,"href":"https:\/\/jugendfarm-bremen.de\/del\/wp-json\/wp\/v2\/comments?post=4541"}],"version-history":[{"count":14,"href":"https:\/\/jugendfarm-bremen.de\/del\/wp-json\/wp\/v2\/pages\/4541\/revisions"}],"predecessor-version":[{"id":4769,"href":"https:\/\/jugendfarm-bremen.de\/del\/wp-json\/wp\/v2\/pages\/4541\/revisions\/4769"}],"wp:featuredmedia":[{"embeddable":true,"href":"https:\/\/jugendfarm-bremen.de\/del\/wp-json\/wp\/v2\/media\/4520"}],"wp:attachment":[{"href":"https:\/\/jugendfarm-bremen.de\/del\/wp-json\/wp\/v2\/media?parent=4541"}],"curies":[{"name":"wp","href":"https:\/\/api.w.org\/{rel}","templated":true}]}}